[INFO] fetching crate phf_mac 0.5.0...
[INFO] checking phf_mac-0.5.0 against master#cfbc6d4cf1acbac5c025acf8ed68929caa551df3 for pr-75494-beta
[INFO] extracting crate phf_mac 0.5.0 into /workspace/builds/worker-2/source
[INFO] validating manifest of crates.io crate phf_mac 0.5.0 on toolchain cfbc6d4cf1acbac5c025acf8ed68929caa551df3
[INFO] running `Command { std: "/workspace/cargo-home/bin/cargo" "+cfbc6d4cf1acbac5c025acf8ed68929caa551df3" "read-manifest" "--manifest-path" "Cargo.toml", kill_on_drop: false }`
[INFO] started tweaking crates.io crate phf_mac 0.5.0
[INFO] removed path dependency phf_shared from crates.io crate phf_mac 0.5.0
[INFO] finished tweaking crates.io crate phf_mac 0.5.0
[INFO] tweaked toml for crates.io crate phf_mac 0.5.0 written to /workspace/builds/worker-2/source/Cargo.toml
[INFO] running `Command { std: "/workspace/cargo-home/bin/cargo" "+cfbc6d4cf1acbac5c025acf8ed68929caa551df3" "generate-lockfile" "--manifest-path" "Cargo.toml" "-Zno-index-update", kill_on_drop: false }`
[INFO] running `Command { std: "/workspace/cargo-home/bin/cargo" "+cfbc6d4cf1acbac5c025acf8ed68929caa551df3" "fetch" "--locked" "--manifest-path" "Cargo.toml", kill_on_drop: false }`
[INFO] [stderr]  Downloading crates ...
[INFO] [stderr]   Downloaded phf_shared v0.5.0
[INFO] running `Command { std: "docker" "create" "-v" "/var/lib/crater-agent-workspace/builds/worker-2/target:/opt/rustwide/target:rw,Z" "-v" "/var/lib/crater-agent-workspace/builds/worker-2/source:/opt/rustwide/workdir:ro,Z" "-v" "/var/lib/crater-agent-workspace/cargo-home:/opt/rustwide/cargo-home:ro,Z" "-v" "/var/lib/crater-agent-workspace/rustup-home:/opt/rustwide/rustup-home:ro,Z" "-e" "SOURCE_DIR=/opt/rustwide/workdir" "-e" "CARGO_TARGET_DIR=/opt/rustwide/target" "-e" "CARGO_HOME=/opt/rustwide/cargo-home" "-e" "RUSTUP_HOME=/opt/rustwide/rustup-home" "-w" "/opt/rustwide/workdir" "-m" "1610612736" "--user" "0:0" "--network" "none" "rustops/crates-build-env@sha256:a636fd89d022f18117e1dc8fb37a0a009933cdbbe082814857f0e2024962d47c" "/opt/rustwide/cargo-home/bin/cargo" "+cfbc6d4cf1acbac5c025acf8ed68929caa551df3" "metadata" "--no-deps" "--format-version=1", kill_on_drop: false }`
[INFO] [stdout] bbcb9ed71d6d6d9e050f3595974c4e85f08016cd32b5652aa755be6d32d32079
[INFO] [stderr] WARNING: Your kernel does not support swap limit capabilities or the cgroup is not mounted. Memory limited without swap.
[INFO] running `Command { std: "docker" "start" "-a" "bbcb9ed71d6d6d9e050f3595974c4e85f08016cd32b5652aa755be6d32d32079", kill_on_drop: false }`
[INFO] running `Command { std: "docker" "inspect" "bbcb9ed71d6d6d9e050f3595974c4e85f08016cd32b5652aa755be6d32d32079", kill_on_drop: false }`
[INFO] running `Command { std: "docker" "rm" "-f" "bbcb9ed71d6d6d9e050f3595974c4e85f08016cd32b5652aa755be6d32d32079", kill_on_drop: false }`
[INFO] [stdout] bbcb9ed71d6d6d9e050f3595974c4e85f08016cd32b5652aa755be6d32d32079
[INFO] running `Command { std: "docker" "create" "-v" "/var/lib/crater-agent-workspace/builds/worker-2/target:/opt/rustwide/target:rw,Z" "-v" "/var/lib/crater-agent-workspace/builds/worker-2/source:/opt/rustwide/workdir:ro,Z" "-v" "/var/lib/crater-agent-workspace/cargo-home:/opt/rustwide/cargo-home:ro,Z" "-v" "/var/lib/crater-agent-workspace/rustup-home:/opt/rustwide/rustup-home:ro,Z" "-e" "SOURCE_DIR=/opt/rustwide/workdir" "-e" "CARGO_TARGET_DIR=/opt/rustwide/target" "-e" "CARGO_INCREMENTAL=0" "-e" "RUST_BACKTRACE=full" "-e" "RUSTFLAGS=--cap-lints=forbid" "-e" "CARGO_HOME=/opt/rustwide/cargo-home" "-e" "RUSTUP_HOME=/opt/rustwide/rustup-home" "-w" "/opt/rustwide/workdir" "-m" "1610612736" "--user" "0:0" "--network" "none" "rustops/crates-build-env@sha256:a636fd89d022f18117e1dc8fb37a0a009933cdbbe082814857f0e2024962d47c" "/opt/rustwide/cargo-home/bin/cargo" "+cfbc6d4cf1acbac5c025acf8ed68929caa551df3" "check" "--frozen" "--all" "--all-targets" "--message-format=json", kill_on_drop: false }`
[INFO] [stdout] 8c74ecc4f8337ac5681683538d84004c04395dfc2a79fe168b9473c4b84e7fab
[INFO] [stderr] WARNING: Your kernel does not support swap limit capabilities or the cgroup is not mounted. Memory limited without swap.
[INFO] running `Command { std: "docker" "start" "-a" "8c74ecc4f8337ac5681683538d84004c04395dfc2a79fe168b9473c4b84e7fab", kill_on_drop: false }`
[INFO] [stderr]     Checking phf_shared v0.5.0
[INFO] [stdout] error[E0259]: the name `core` is defined multiple times
[INFO] [stdout]  --> /opt/rustwide/cargo-home/registry/src/github.com-1ecc6299db9ec823/phf_shared-0.5.0/src/lib.rs:3:1
[INFO] [stdout]   |
[INFO] [stdout] 3 | extern crate core;
[INFO] [stdout]   | ^^^^^^^^^^^^^^^^^^ `core` reimported here
[INFO] [stdout]   |
[INFO] [stdout]   = note: `core` must be defined only once in the type namespace of this module
[INFO] [stdout] help: you can use `as` to change the binding name of the import
[INFO] [stdout]   |
[INFO] [stdout] 3 | extern crate core as other_core;
[INFO] [stdout]   |
[INFO] [stdout] 
[INFO] [stdout] 
[INFO] [stdout] error[E0432]: unresolved import `core::slice::AsSlice`
[INFO] [stdout]  --> /opt/rustwide/cargo-home/registry/src/github.com-1ecc6299db9ec823/phf_shared-0.5.0/src/lib.rs:5:5
[INFO] [stdout]   |
[INFO] [stdout] 5 | use core::slice::AsSlice;
[INFO] [stdout]   |     ^^^^^^^^^^^^^^^^^^^^ no `AsSlice` in `slice`
[INFO] [stdout] 
[INFO] [stdout] 
[INFO] [stdout] error[E0432]: unresolved import `core::str::StrExt`
[INFO] [stdout]  --> /opt/rustwide/cargo-home/registry/src/github.com-1ecc6299db9ec823/phf_shared-0.5.0/src/lib.rs:6:5
[INFO] [stdout]   |
[INFO] [stdout] 6 | use core::str::StrExt;
[INFO] [stdout]   |     ^^^^^^^^^^^^^^^^^ no `StrExt` in `str`
[INFO] [stdout] 
[INFO] [stdout] 
[INFO] [stdout] error[E0432]: unresolved import `core::hash::Writer`
[INFO] [stdout]  --> /opt/rustwide/cargo-home/registry/src/github.com-1ecc6299db9ec823/phf_shared-0.5.0/src/lib.rs:7:18
[INFO] [stdout]   |
[INFO] [stdout] 7 | use core::hash::{Writer, Hasher, Hash, SipHasher};
[INFO] [stdout]   |                  ^^^^^^ no `Writer` in `hash`
[INFO] [stdout] 
[INFO] [stdout] 
[INFO] [stdout] error[E0599]: no method named `as_slice` found for reference `&[u8; 1]` in the current scope
[INFO] [stdout]   --> /opt/rustwide/cargo-home/registry/src/github.com-1ecc6299db9ec823/phf_shared-0.5.0/src/lib.rs:91:35
[INFO] [stdout]    |
[INFO] [stdout] 91 |                 hasher.write(self.as_slice());
[INFO] [stdout]    |                                   ^^^^^^^^ method not found in `&[u8; 1]`
[INFO] [stdout] ...
[INFO] [stdout] 98 | array_impl!(u8, 1);
[INFO] [stdout]    | ------------------- in this macro invocation
[INFO] [stdout]    |
[INFO] [stdout]    = help: items from traits can only be used if the trait is in scope
[INFO] [stdout]    = note: this error originates in a macro (in Nightly builds, run with -Z macro-backtrace for more info)
[INFO] [stdout] help: the following trait is implemented but not in scope; perhaps add a `use` for it:
[INFO] [stdout]    |
[INFO] [stdout] 5  | use core::array::FixedSizeArray;
[INFO] [stdout]    |
[INFO] [stdout] 
[INFO] [stdout] 
[INFO] [stdout] error[E0599]: no method named `as_slice` found for reference `&[u8; 2]` in the current scope
[INFO] [stdout]   --> /opt/rustwide/cargo-home/registry/src/github.com-1ecc6299db9ec823/phf_shared-0.5.0/src/lib.rs:91:35
[INFO] [stdout]    |
[INFO] [stdout] 91 |                 hasher.write(self.as_slice());
[INFO] [stdout]    |                                   ^^^^^^^^ method not found in `&[u8; 2]`
[INFO] [stdout] ...
[INFO] [stdout] 99 | array_impl!(u8, 2);
[INFO] [stdout]    | ------------------- in this macro invocation
[INFO] [stdout]    |
[INFO] [stdout]    = help: items from traits can only be used if the trait is in scope
[INFO] [stdout]    = note: this error originates in a macro (in Nightly builds, run with -Z macro-backtrace for more info)
[INFO] [stdout] help: the following trait is implemented but not in scope; perhaps add a `use` for it:
[INFO] [stdout]    |
[INFO] [stdout] 5  | use core::array::FixedSizeArray;
[INFO] [stdout]    |
[INFO] [stdout] 
[INFO] [stdout] 
[INFO] [stdout] error[E0599]: no method named `as_slice` found for reference `&[u8; 3]` in the current scope
[INFO] [stdout]    --> /opt/rustwide/cargo-home/registry/src/github.com-1ecc6299db9ec823/phf_shared-0.5.0/src/lib.rs:91:35
[INFO] [stdout]     |
[INFO] [stdout] 91  |                 hasher.write(self.as_slice());
[INFO] [stdout]     |                                   ^^^^^^^^ method not found in `&[u8; 3]`
[INFO] [stdout] ...
[INFO] [stdout] 100 | array_impl!(u8, 3);
[INFO] [stdout]     | ------------------- in this macro invocation
[INFO] [stdout]     |
[INFO] [stdout]     = help: items from traits can only be used if the trait is in scope
[INFO] [stdout]     = note: this error originates in a macro (in Nightly builds, run with -Z macro-backtrace for more info)
[INFO] [stdout] help: the following trait is implemented but not in scope; perhaps add a `use` for it:
[INFO] [stdout]     |
[INFO] [stdout] 5   | use core::array::FixedSizeArray;
[INFO] [stdout]     |
[INFO] [stdout] 
[INFO] [stdout] 
[INFO] [stdout] error[E0599]: no method named `as_slice` found for reference `&[u8; 4]` in the current scope
[INFO] [stdout]    --> /opt/rustwide/cargo-home/registry/src/github.com-1ecc6299db9ec823/phf_shared-0.5.0/src/lib.rs:91:35
[INFO] [stdout]     |
[INFO] [stdout] 91  |                 hasher.write(self.as_slice());
[INFO] [stdout]     |                                   ^^^^^^^^ method not found in `&[u8; 4]`
[INFO] [stdout] ...
[INFO] [stdout] 101 | array_impl!(u8, 4);
[INFO] [stdout]     | ------------------- in this macro invocation
[INFO] [stdout]     |
[INFO] [stdout]     = help: items from traits can only be used if the trait is in scope
[INFO] [stdout]     = note: this error originates in a macro (in Nightly builds, run with -Z macro-backtrace for more info)
[INFO] [stdout] help: the following trait is implemented but not in scope; perhaps add a `use` for it:
[INFO] [stdout]     |
[INFO] [stdout] 5   | use core::array::FixedSizeArray;
[INFO] [stdout]     |
[INFO] [stdout] 
[INFO] [stdout] 
[INFO] [stdout] error[E0599]: no method named `as_slice` found for reference `&[u8; 5]` in the current scope
[INFO] [stdout]    --> /opt/rustwide/cargo-home/registry/src/github.com-1ecc6299db9ec823/phf_shared-0.5.0/src/lib.rs:91:35
[INFO] [stdout]     |
[INFO] [stdout] 91  |                 hasher.write(self.as_slice());
[INFO] [stdout]     |                                   ^^^^^^^^ method not found in `&[u8; 5]`
[INFO] [stdout] ...
[INFO] [stdout] 102 | array_impl!(u8, 5);
[INFO] [stdout]     | ------------------- in this macro invocation
[INFO] [stdout]     |
[INFO] [stdout]     = help: items from traits can only be used if the trait is in scope
[INFO] [stdout]     = note: this error originates in a macro (in Nightly builds, run with -Z macro-backtrace for more info)
[INFO] [stdout] help: the following trait is implemented but not in scope; perhaps add a `use` for it:
[INFO] [stdout]     |
[INFO] [stdout] 5   | use core::array::FixedSizeArray;
[INFO] [stdout]     |
[INFO] [stdout] 
[INFO] [stdout] 
[INFO] [stdout] error[E0599]: no method named `as_slice` found for reference `&[u8; 6]` in the current scope
[INFO] [stdout]    --> /opt/rustwide/cargo-home/registry/src/github.com-1ecc6299db9ec823/phf_shared-0.5.0/src/lib.rs:91:35
[INFO] [stdout]     |
[INFO] [stdout] 91  |                 hasher.write(self.as_slice());
[INFO] [stdout]     |                                   ^^^^^^^^ method not found in `&[u8; 6]`
[INFO] [stdout] ...
[INFO] [stdout] 103 | array_impl!(u8, 6);
[INFO] [stdout]     | ------------------- in this macro invocation
[INFO] [stdout]     |
[INFO] [stdout]     = help: items from traits can only be used if the trait is in scope
[INFO] [stdout]     = note: this error originates in a macro (in Nightly builds, run with -Z macro-backtrace for more info)
[INFO] [stdout] help: the following trait is implemented but not in scope; perhaps add a `use` for it:
[INFO] [stdout]     |
[INFO] [stdout] 5   | use core::array::FixedSizeArray;
[INFO] [stdout]     |
[INFO] [stdout] 
[INFO] [stdout] 
[INFO] [stdout] error[E0599]: no method named `as_slice` found for reference `&[u8; 7]` in the current scope
[INFO] [stdout]    --> /opt/rustwide/cargo-home/registry/src/github.com-1ecc6299db9ec823/phf_shared-0.5.0/src/lib.rs:91:35
[INFO] [stdout]     |
[INFO] [stdout] 91  |                 hasher.write(self.as_slice());
[INFO] [stdout]     |                                   ^^^^^^^^ method not found in `&[u8; 7]`
[INFO] [stdout] ...
[INFO] [stdout] 104 | array_impl!(u8, 7);
[INFO] [stdout]     | ------------------- in this macro invocation
[INFO] [stdout]     |
[INFO] [stdout]     = help: items from traits can only be used if the trait is in scope
[INFO] [stdout]     = note: this error originates in a macro (in Nightly builds, run with -Z macro-backtrace for more info)
[INFO] [stdout] help: the following trait is implemented but not in scope; perhaps add a `use` for it:
[INFO] [stdout]     |
[INFO] [stdout] 5   | use core::array::FixedSizeArray;
[INFO] [stdout]     |
[INFO] [stdout] 
[INFO] [stdout] 
[INFO] [stdout] error[E0599]: no method named `as_slice` found for reference `&[u8; 8]` in the current scope
[INFO] [stdout]    --> /opt/rustwide/cargo-home/registry/src/github.com-1ecc6299db9ec823/phf_shared-0.5.0/src/lib.rs:91:35
[INFO] [stdout]     |
[INFO] [stdout] 91  |                 hasher.write(self.as_slice());
[INFO] [stdout]     |                                   ^^^^^^^^ method not found in `&[u8; 8]`
[INFO] [stdout] ...
[INFO] [stdout] 105 | array_impl!(u8, 8);
[INFO] [stdout]     | ------------------- in this macro invocation
[INFO] [stdout]     |
[INFO] [stdout]     = help: items from traits can only be used if the trait is in scope
[INFO] [stdout]     = note: this error originates in a macro (in Nightly builds, run with -Z macro-backtrace for more info)
[INFO] [stdout] help: the following trait is implemented but not in scope; perhaps add a `use` for it:
[INFO] [stdout]     |
[INFO] [stdout] 5   | use core::array::FixedSizeArray;
[INFO] [stdout]     |
[INFO] [stdout] 
[INFO] [stdout] 
[INFO] [stdout] error[E0599]: no method named `as_slice` found for reference `&[u8; 9]` in the current scope
[INFO] [stdout]    --> /opt/rustwide/cargo-home/registry/src/github.com-1ecc6299db9ec823/phf_shared-0.5.0/src/lib.rs:91:35
[INFO] [stdout]     |
[INFO] [stdout] 91  |                 hasher.write(self.as_slice());
[INFO] [stdout]     |                                   ^^^^^^^^ method not found in `&[u8; 9]`
[INFO] [stdout] ...
[INFO] [stdout] 106 | array_impl!(u8, 9);
[INFO] [stdout]     | ------------------- in this macro invocation
[INFO] [stdout]     |
[INFO] [stdout]     = help: items from traits can only be used if the trait is in scope
[INFO] [stdout]     = note: this error originates in a macro (in Nightly builds, run with -Z macro-backtrace for more info)
[INFO] [stdout] help: the following trait is implemented but not in scope; perhaps add a `use` for it:
[INFO] [stdout]     |
[INFO] [stdout] 5   | use core::array::FixedSizeArray;
[INFO] [stdout]     |
[INFO] [stdout] 
[INFO] [stdout] 
[INFO] [stdout] error[E0599]: no method named `as_slice` found for reference `&[u8; 10]` in the current scope
[INFO] [stdout]    --> /opt/rustwide/cargo-home/registry/src/github.com-1ecc6299db9ec823/phf_shared-0.5.0/src/lib.rs:91:35
[INFO] [stdout]     |
[INFO] [stdout] 91  |                 hasher.write(self.as_slice());
[INFO] [stdout]     |                                   ^^^^^^^^ method not found in `&[u8; 10]`
[INFO] [stdout] ...
[INFO] [stdout] 107 | array_impl!(u8, 10);
[INFO] [stdout]     | -------------------- in this macro invocation
[INFO] [stdout]     |
[INFO] [stdout]     = help: items from traits can only be used if the trait is in scope
[INFO] [stdout]     = note: this error originates in a macro (in Nightly builds, run with -Z macro-backtrace for more info)
[INFO] [stdout] help: the following trait is implemented but not in scope; perhaps add a `use` for it:
[INFO] [stdout]     |
[INFO] [stdout] 5   | use core::array::FixedSizeArray;
[INFO] [stdout]     |
[INFO] [stdout] 
[INFO] [stdout] 
[INFO] [stdout] error[E0599]: no method named `as_slice` found for reference `&[u8; 11]` in the current scope
[INFO] [stdout]    --> /opt/rustwide/cargo-home/registry/src/github.com-1ecc6299db9ec823/phf_shared-0.5.0/src/lib.rs:91:35
[INFO] [stdout]     |
[INFO] [stdout] 91  |                 hasher.write(self.as_slice());
[INFO] [stdout]     |                                   ^^^^^^^^ method not found in `&[u8; 11]`
[INFO] [stdout] ...
[INFO] [stdout] 108 | array_impl!(u8, 11);
[INFO] [stdout]     | -------------------- in this macro invocation
[INFO] [stdout]     |
[INFO] [stdout]     = help: items from traits can only be used if the trait is in scope
[INFO] [stdout]     = note: this error originates in a macro (in Nightly builds, run with -Z macro-backtrace for more info)
[INFO] [stdout] help: the following trait is implemented but not in scope; perhaps add a `use` for it:
[INFO] [stdout]     |
[INFO] [stdout] 5   | use core::array::FixedSizeArray;
[INFO] [stdout]     |
[INFO] [stdout] 
[INFO] [stdout] 
[INFO] [stdout] error[E0599]: no method named `as_slice` found for reference `&[u8; 12]` in the current scope
[INFO] [stdout]    --> /opt/rustwide/cargo-home/registry/src/github.com-1ecc6299db9ec823/phf_shared-0.5.0/src/lib.rs:91:35
[INFO] [stdout]     |
[INFO] [stdout] 91  |                 hasher.write(self.as_slice());
[INFO] [stdout]     |                                   ^^^^^^^^ method not found in `&[u8; 12]`
[INFO] [stdout] ...
[INFO] [stdout] 109 | array_impl!(u8, 12);
[INFO] [stdout]     | -------------------- in this macro invocation
[INFO] [stdout]     |
[INFO] [stdout]     = help: items from traits can only be used if the trait is in scope
[INFO] [stdout]     = note: this error originates in a macro (in Nightly builds, run with -Z macro-backtrace for more info)
[INFO] [stdout] help: the following trait is implemented but not in scope; perhaps add a `use` for it:
[INFO] [stdout]     |
[INFO] [stdout] 5   | use core::array::FixedSizeArray;
[INFO] [stdout]     |
[INFO] [stdout] 
[INFO] [stdout] 
[INFO] [stdout] error[E0599]: no method named `as_slice` found for reference `&[u8; 13]` in the current scope
[INFO] [stdout]    --> /opt/rustwide/cargo-home/registry/src/github.com-1ecc6299db9ec823/phf_shared-0.5.0/src/lib.rs:91:35
[INFO] [stdout]     |
[INFO] [stdout] 91  |                 hasher.write(self.as_slice());
[INFO] [stdout]     |                                   ^^^^^^^^ method not found in `&[u8; 13]`
[INFO] [stdout] ...
[INFO] [stdout] 110 | array_impl!(u8, 13);
[INFO] [stdout]     | -------------------- in this macro invocation
[INFO] [stdout]     |
[INFO] [stdout]     = help: items from traits can only be used if the trait is in scope
[INFO] [stdout]     = note: this error originates in a macro (in Nightly builds, run with -Z macro-backtrace for more info)
[INFO] [stdout] help: the following trait is implemented but not in scope; perhaps add a `use` for it:
[INFO] [stdout]     |
[INFO] [stdout] 5   | use core::array::FixedSizeArray;
[INFO] [stdout]     |
[INFO] [stdout] 
[INFO] [stdout] 
[INFO] [stdout] error[E0599]: no method named `as_slice` found for reference `&[u8; 14]` in the current scope
[INFO] [stdout]    --> /opt/rustwide/cargo-home/registry/src/github.com-1ecc6299db9ec823/phf_shared-0.5.0/src/lib.rs:91:35
[INFO] [stdout]     |
[INFO] [stdout] 91  |                 hasher.write(self.as_slice());
[INFO] [stdout]     |                                   ^^^^^^^^ method not found in `&[u8; 14]`
[INFO] [stdout] ...
[INFO] [stdout] 111 | array_impl!(u8, 14);
[INFO] [stdout]     | -------------------- in this macro invocation
[INFO] [stdout]     |
[INFO] [stdout]     = help: items from traits can only be used if the trait is in scope
[INFO] [stdout]     = note: this error originates in a macro (in Nightly builds, run with -Z macro-backtrace for more info)
[INFO] [stdout] help: the following trait is implemented but not in scope; perhaps add a `use` for it:
[INFO] [stdout]     |
[INFO] [stdout] 5   | use core::array::FixedSizeArray;
[INFO] [stdout]     |
[INFO] [stdout] 
[INFO] [stdout] 
[INFO] [stdout] error[E0599]: no method named `as_slice` found for reference `&[u8; 15]` in the current scope
[INFO] [stdout]    --> /opt/rustwide/cargo-home/registry/src/github.com-1ecc6299db9ec823/phf_shared-0.5.0/src/lib.rs:91:35
[INFO] [stdout]     |
[INFO] [stdout] 91  |                 hasher.write(self.as_slice());
[INFO] [stdout]     |                                   ^^^^^^^^ method not found in `&[u8; 15]`
[INFO] [stdout] ...
[INFO] [stdout] 112 | array_impl!(u8, 15);
[INFO] [stdout]     | -------------------- in this macro invocation
[INFO] [stdout]     |
[INFO] [stdout]     = help: items from traits can only be used if the trait is in scope
[INFO] [stdout]     = note: this error originates in a macro (in Nightly builds, run with -Z macro-backtrace for more info)
[INFO] [stdout] help: the following trait is implemented but not in scope; perhaps add a `use` for it:
[INFO] [stdout]     |
[INFO] [stdout] 5   | use core::array::FixedSizeArray;
[INFO] [stdout]     |
[INFO] [stdout] 
[INFO] [stdout] 
[INFO] [stdout] error[E0599]: no method named `as_slice` found for reference `&[u8; 16]` in the current scope
[INFO] [stdout]    --> /opt/rustwide/cargo-home/registry/src/github.com-1ecc6299db9ec823/phf_shared-0.5.0/src/lib.rs:91:35
[INFO] [stdout]     |
[INFO] [stdout] 91  |                 hasher.write(self.as_slice());
[INFO] [stdout]     |                                   ^^^^^^^^ method not found in `&[u8; 16]`
[INFO] [stdout] ...
[INFO] [stdout] 113 | array_impl!(u8, 16);
[INFO] [stdout]     | -------------------- in this macro invocation
[INFO] [stdout]     |
[INFO] [stdout]     = help: items from traits can only be used if the trait is in scope
[INFO] [stdout]     = note: this error originates in a macro (in Nightly builds, run with -Z macro-backtrace for more info)
[INFO] [stdout] help: the following trait is implemented but not in scope; perhaps add a `use` for it:
[INFO] [stdout]     |
[INFO] [stdout] 5   | use core::array::FixedSizeArray;
[INFO] [stdout]     |
[INFO] [stdout] 
[INFO] [stdout] 
[INFO] [stdout] error[E0599]: no method named `as_slice` found for reference `&[u8; 17]` in the current scope
[INFO] [stdout]    --> /opt/rustwide/cargo-home/registry/src/github.com-1ecc6299db9ec823/phf_shared-0.5.0/src/lib.rs:91:35
[INFO] [stdout]     |
[INFO] [stdout] 91  |                 hasher.write(self.as_slice());
[INFO] [stdout]     |                                   ^^^^^^^^ method not found in `&[u8; 17]`
[INFO] [stdout] ...
[INFO] [stdout] 114 | array_impl!(u8, 17);
[INFO] [stdout]     | -------------------- in this macro invocation
[INFO] [stdout]     |
[INFO] [stdout]     = help: items from traits can only be used if the trait is in scope
[INFO] [stdout]     = note: this error originates in a macro (in Nightly builds, run with -Z macro-backtrace for more info)
[INFO] [stdout] help: the following trait is implemented but not in scope; perhaps add a `use` for it:
[INFO] [stdout]     |
[INFO] [stdout] 5   | use core::array::FixedSizeArray;
[INFO] [stdout]     |
[INFO] [stdout] 
[INFO] [stdout] 
[INFO] [stdout] error[E0599]: no method named `as_slice` found for reference `&[u8; 18]` in the current scope
[INFO] [stdout]    --> /opt/rustwide/cargo-home/registry/src/github.com-1ecc6299db9ec823/phf_shared-0.5.0/src/lib.rs:91:35
[INFO] [stdout]     |
[INFO] [stdout] 91  |                 hasher.write(self.as_slice());
[INFO] [stdout]     |                                   ^^^^^^^^ method not found in `&[u8; 18]`
[INFO] [stdout] ...
[INFO] [stdout] 115 | array_impl!(u8, 18);
[INFO] [stdout]     | -------------------- in this macro invocation
[INFO] [stdout]     |
[INFO] [stdout]     = help: items from traits can only be used if the trait is in scope
[INFO] [stdout]     = note: this error originates in a macro (in Nightly builds, run with -Z macro-backtrace for more info)
[INFO] [stdout] help: the following trait is implemented but not in scope; perhaps add a `use` for it:
[INFO] [stdout]     |
[INFO] [stdout] 5   | use core::array::FixedSizeArray;
[INFO] [stdout]     |
[INFO] [stdout] 
[INFO] [stdout] 
[INFO] [stdout] error[E0599]: no method named `as_slice` found for reference `&[u8; 19]` in the current scope
[INFO] [stdout]    --> /opt/rustwide/cargo-home/registry/src/github.com-1ecc6299db9ec823/phf_shared-0.5.0/src/lib.rs:91:35
[INFO] [stdout]     |
[INFO] [stdout] 91  |                 hasher.write(self.as_slice());
[INFO] [stdout]     |                                   ^^^^^^^^ method not found in `&[u8; 19]`
[INFO] [stdout] ...
[INFO] [stdout] 116 | array_impl!(u8, 19);
[INFO] [stdout]     | -------------------- in this macro invocation
[INFO] [stdout]     |
[INFO] [stdout]     = help: items from traits can only be used if the trait is in scope
[INFO] [stdout]     = note: this error originates in a macro (in Nightly builds, run with -Z macro-backtrace for more info)
[INFO] [stdout] help: the following trait is implemented but not in scope; perhaps add a `use` for it:
[INFO] [stdout]     |
[INFO] [stdout] 5   | use core::array::FixedSizeArray;
[INFO] [stdout]     |
[INFO] [stdout] 
[INFO] [stdout] 
[INFO] [stdout] error[E0599]: no method named `as_slice` found for reference `&[u8; 20]` in the current scope
[INFO] [stdout]    --> /opt/rustwide/cargo-home/registry/src/github.com-1ecc6299db9ec823/phf_shared-0.5.0/src/lib.rs:91:35
[INFO] [stdout]     |
[INFO] [stdout] 91  |                 hasher.write(self.as_slice());
[INFO] [stdout]     |                                   ^^^^^^^^ method not found in `&[u8; 20]`
[INFO] [stdout] ...
[INFO] [stdout] 117 | array_impl!(u8, 20);
[INFO] [stdout]     | -------------------- in this macro invocation
[INFO] [stdout]     |
[INFO] [stdout]     = help: items from traits can only be used if the trait is in scope
[INFO] [stdout]     = note: this error originates in a macro (in Nightly builds, run with -Z macro-backtrace for more info)
[INFO] [stdout] help: the following trait is implemented but not in scope; perhaps add a `use` for it:
[INFO] [stdout]     |
[INFO] [stdout] 5   | use core::array::FixedSizeArray;
[INFO] [stdout]     |
[INFO] [stdout] 
[INFO] [stdout] 
[INFO] [stdout] error[E0599]: no method named `as_slice` found for reference `&[u8; 21]` in the current scope
[INFO] [stdout]    --> /opt/rustwide/cargo-home/registry/src/github.com-1ecc6299db9ec823/phf_shared-0.5.0/src/lib.rs:91:35
[INFO] [stdout]     |
[INFO] [stdout] 91  |                 hasher.write(self.as_slice());
[INFO] [stdout]     |                                   ^^^^^^^^ method not found in `&[u8; 21]`
[INFO] [stdout] ...
[INFO] [stdout] 118 | array_impl!(u8, 21);
[INFO] [stdout]     | -------------------- in this macro invocation
[INFO] [stdout]     |
[INFO] [stdout]     = help: items from traits can only be used if the trait is in scope
[INFO] [stdout]     = note: this error originates in a macro (in Nightly builds, run with -Z macro-backtrace for more info)
[INFO] [stdout] help: the following trait is implemented but not in scope; perhaps add a `use` for it:
[INFO] [stdout]     |
[INFO] [stdout] 5   | use core::array::FixedSizeArray;
[INFO] [stdout]     |
[INFO] [stdout] 
[INFO] [stdout] 
[INFO] [stdout] error[E0599]: no method named `as_slice` found for reference `&[u8; 22]` in the current scope
[INFO] [stdout]    --> /opt/rustwide/cargo-home/registry/src/github.com-1ecc6299db9ec823/phf_shared-0.5.0/src/lib.rs:91:35
[INFO] [stdout]     |
[INFO] [stdout] 91  |                 hasher.write(self.as_slice());
[INFO] [stdout]     |                                   ^^^^^^^^ method not found in `&[u8; 22]`
[INFO] [stdout] ...
[INFO] [stdout] 119 | array_impl!(u8, 22);
[INFO] [stdout]     | -------------------- in this macro invocation
[INFO] [stdout]     |
[INFO] [stdout]     = help: items from traits can only be used if the trait is in scope
[INFO] [stdout]     = note: this error originates in a macro (in Nightly builds, run with -Z macro-backtrace for more info)
[INFO] [stdout] help: the following trait is implemented but not in scope; perhaps add a `use` for it:
[INFO] [stdout]     |
[INFO] [stdout] 5   | use core::array::FixedSizeArray;
[INFO] [stdout]     |
[INFO] [stdout] 
[INFO] [stdout] 
[INFO] [stdout] error[E0599]: no method named `as_slice` found for reference `&[u8; 23]` in the current scope
[INFO] [stdout]    --> /opt/rustwide/cargo-home/registry/src/github.com-1ecc6299db9ec823/phf_shared-0.5.0/src/lib.rs:91:35
[INFO] [stdout]     |
[INFO] [stdout] 91  |                 hasher.write(self.as_slice());
[INFO] [stdout]     |                                   ^^^^^^^^ method not found in `&[u8; 23]`
[INFO] [stdout] ...
[INFO] [stdout] 120 | array_impl!(u8, 23);
[INFO] [stdout]     | -------------------- in this macro invocation
[INFO] [stdout]     |
[INFO] [stdout]     = help: items from traits can only be used if the trait is in scope
[INFO] [stdout]     = note: this error originates in a macro (in Nightly builds, run with -Z macro-backtrace for more info)
[INFO] [stdout] help: the following trait is implemented but not in scope; perhaps add a `use` for it:
[INFO] [stdout]     |
[INFO] [stdout] 5   | use core::array::FixedSizeArray;
[INFO] [stdout]     |
[INFO] [stdout] 
[INFO] [stdout] 
[INFO] [stdout] error[E0599]: no method named `as_slice` found for reference `&[u8; 24]` in the current scope
[INFO] [stdout]    --> /opt/rustwide/cargo-home/registry/src/github.com-1ecc6299db9ec823/phf_shared-0.5.0/src/lib.rs:91:35
[INFO] [stdout]     |
[INFO] [stdout] 91  |                 hasher.write(self.as_slice());
[INFO] [stdout]     |                                   ^^^^^^^^ method not found in `&[u8; 24]`
[INFO] [stdout] ...
[INFO] [stdout] 121 | array_impl!(u8, 24);
[INFO] [stdout]     | -------------------- in this macro invocation
[INFO] [stdout]     |
[INFO] [stdout]     = help: items from traits can only be used if the trait is in scope
[INFO] [stdout]     = note: this error originates in a macro (in Nightly builds, run with -Z macro-backtrace for more info)
[INFO] [stdout] help: the following trait is implemented but not in scope; perhaps add a `use` for it:
[INFO] [stdout]     |
[INFO] [stdout] 5   | use core::array::FixedSizeArray;
[INFO] [stdout]     |
[INFO] [stdout] 
[INFO] [stdout] 
[INFO] [stdout] error[E0599]: no method named `as_slice` found for reference `&[u8; 25]` in the current scope
[INFO] [stdout]    --> /opt/rustwide/cargo-home/registry/src/github.com-1ecc6299db9ec823/phf_shared-0.5.0/src/lib.rs:91:35
[INFO] [stdout]     |
[INFO] [stdout] 91  |                 hasher.write(self.as_slice());
[INFO] [stdout]     |                                   ^^^^^^^^ method not found in `&[u8; 25]`
[INFO] [stdout] ...
[INFO] [stdout] 122 | array_impl!(u8, 25);
[INFO] [stdout]     | -------------------- in this macro invocation
[INFO] [stdout]     |
[INFO] [stdout]     = help: items from traits can only be used if the trait is in scope
[INFO] [stdout]     = note: this error originates in a macro (in Nightly builds, run with -Z macro-backtrace for more info)
[INFO] [stdout] help: the following trait is implemented but not in scope; perhaps add a `use` for it:
[INFO] [stdout]     |
[INFO] [stdout] 5   | use core::array::FixedSizeArray;
[INFO] [stdout]     |
[INFO] [stdout] 
[INFO] [stdout] 
[INFO] [stdout] error[E0599]: no method named `as_slice` found for reference `&[u8; 26]` in the current scope
[INFO] [stdout]    --> /opt/rustwide/cargo-home/registry/src/github.com-1ecc6299db9ec823/phf_shared-0.5.0/src/lib.rs:91:35
[INFO] [stdout]     |
[INFO] [stdout] 91  |                 hasher.write(self.as_slice());
[INFO] [stdout]     |                                   ^^^^^^^^ method not found in `&[u8; 26]`
[INFO] [stdout] ...
[INFO] [stdout] 123 | array_impl!(u8, 26);
[INFO] [stdout]     | -------------------- in this macro invocation
[INFO] [stdout]     |
[INFO] [stdout]     = help: items from traits can only be used if the trait is in scope
[INFO] [stdout]     = note: this error originates in a macro (in Nightly builds, run with -Z macro-backtrace for more info)
[INFO] [stdout] help: the following trait is implemented but not in scope; perhaps add a `use` for it:
[INFO] [stdout]     |
[INFO] [stdout] 5   | use core::array::FixedSizeArray;
[INFO] [stdout]     |
[INFO] [stdout] 
[INFO] [stdout] 
[INFO] [stdout] error[E0599]: no method named `as_slice` found for reference `&[u8; 27]` in the current scope
[INFO] [stdout]    --> /opt/rustwide/cargo-home/registry/src/github.com-1ecc6299db9ec823/phf_shared-0.5.0/src/lib.rs:91:35
[INFO] [stdout]     |
[INFO] [stdout] 91  |                 hasher.write(self.as_slice());
[INFO] [stdout]     |                                   ^^^^^^^^ method not found in `&[u8; 27]`
[INFO] [stdout] ...
[INFO] [stdout] 124 | array_impl!(u8, 27);
[INFO] [stdout]     | -------------------- in this macro invocation
[INFO] [stdout]     |
[INFO] [stdout]     = help: items from traits can only be used if the trait is in scope
[INFO] [stdout]     = note: this error originates in a macro (in Nightly builds, run with -Z macro-backtrace for more info)
[INFO] [stdout] help: the following trait is implemented but not in scope; perhaps add a `use` for it:
[INFO] [stdout]     |
[INFO] [stdout] 5   | use core::array::FixedSizeArray;
[INFO] [stdout]     |
[INFO] [stdout] 
[INFO] [stdout] 
[INFO] [stdout] error[E0599]: no method named `as_slice` found for reference `&[u8; 28]` in the current scope
[INFO] [stdout]    --> /opt/rustwide/cargo-home/registry/src/github.com-1ecc6299db9ec823/phf_shared-0.5.0/src/lib.rs:91:35
[INFO] [stdout]     |
[INFO] [stdout] 91  |                 hasher.write(self.as_slice());
[INFO] [stdout]     |                                   ^^^^^^^^ method not found in `&[u8; 28]`
[INFO] [stdout] ...
[INFO] [stdout] 125 | array_impl!(u8, 28);
[INFO] [stdout]     | -------------------- in this macro invocation
[INFO] [stdout]     |
[INFO] [stdout]     = help: items from traits can only be used if the trait is in scope
[INFO] [stdout]     = note: this error originates in a macro (in Nightly builds, run with -Z macro-backtrace for more info)
[INFO] [stdout] help: the following trait is implemented but not in scope; perhaps add a `use` for it:
[INFO] [stdout]     |
[INFO] [stdout] 5   | use core::array::FixedSizeArray;
[INFO] [stdout]     |
[INFO] [stdout] 
[INFO] [stdout] 
[INFO] [stdout] error[E0599]: no method named `as_slice` found for reference `&[u8; 29]` in the current scope
[INFO] [stdout]    --> /opt/rustwide/cargo-home/registry/src/github.com-1ecc6299db9ec823/phf_shared-0.5.0/src/lib.rs:91:35
[INFO] [stdout]     |
[INFO] [stdout] 91  |                 hasher.write(self.as_slice());
[INFO] [stdout]     |                                   ^^^^^^^^ method not found in `&[u8; 29]`
[INFO] [stdout] ...
[INFO] [stdout] 126 | array_impl!(u8, 29);
[INFO] [stdout]     | -------------------- in this macro invocation
[INFO] [stdout]     |
[INFO] [stdout]     = help: items from traits can only be used if the trait is in scope
[INFO] [stdout]     = note: this error originates in a macro (in Nightly builds, run with -Z macro-backtrace for more info)
[INFO] [stdout] help: the following trait is implemented but not in scope; perhaps add a `use` for it:
[INFO] [stdout]     |
[INFO] [stdout] 5   | use core::array::FixedSizeArray;
[INFO] [stdout]     |
[INFO] [stdout] 
[INFO] [stdout] 
[INFO] [stdout] error[E0599]: no method named `as_slice` found for reference `&[u8; 30]` in the current scope
[INFO] [stdout]    --> /opt/rustwide/cargo-home/registry/src/github.com-1ecc6299db9ec823/phf_shared-0.5.0/src/lib.rs:91:35
[INFO] [stdout]     |
[INFO] [stdout] 91  |                 hasher.write(self.as_slice());
[INFO] [stdout]     |                                   ^^^^^^^^ method not found in `&[u8; 30]`
[INFO] [stdout] ...
[INFO] [stdout] 127 | array_impl!(u8, 30);
[INFO] [stdout]     | -------------------- in this macro invocation
[INFO] [stdout]     |
[INFO] [stdout]     = help: items from traits can only be used if the trait is in scope
[INFO] [stdout]     = note: this error originates in a macro (in Nightly builds, run with -Z macro-backtrace for more info)
[INFO] [stdout] help: the following trait is implemented but not in scope; perhaps add a `use` for it:
[INFO] [stdout]     |
[INFO] [stdout] 5   | use core::array::FixedSizeArray;
[INFO] [stdout]     |
[INFO] [stdout] 
[INFO] [stdout] 
[INFO] [stdout] error[E0599]: no method named `as_slice` found for reference `&[u8; 31]` in the current scope
[INFO] [stdout]    --> /opt/rustwide/cargo-home/registry/src/github.com-1ecc6299db9ec823/phf_shared-0.5.0/src/lib.rs:91:35
[INFO] [stdout]     |
[INFO] [stdout] 91  |                 hasher.write(self.as_slice());
[INFO] [stdout]     |                                   ^^^^^^^^ method not found in `&[u8; 31]`
[INFO] [stdout] ...
[INFO] [stdout] 128 | array_impl!(u8, 31);
[INFO] [stdout]     | -------------------- in this macro invocation
[INFO] [stdout]     |
[INFO] [stdout]     = help: items from traits can only be used if the trait is in scope
[INFO] [stdout]     = note: this error originates in a macro (in Nightly builds, run with -Z macro-backtrace for more info)
[INFO] [stdout] help: the following trait is implemented but not in scope; perhaps add a `use` for it:
[INFO] [stdout]     |
[INFO] [stdout] 5   | use core::array::FixedSizeArray;
[INFO] [stdout]     |
[INFO] [stdout] 
[INFO] [stdout] 
[INFO] [stdout] error[E0599]: no method named `as_slice` found for reference `&[u8; 32]` in the current scope
[INFO] [stdout]    --> /opt/rustwide/cargo-home/registry/src/github.com-1ecc6299db9ec823/phf_shared-0.5.0/src/lib.rs:91:35
[INFO] [stdout]     |
[INFO] [stdout] 91  |                 hasher.write(self.as_slice());
[INFO] [stdout]     |                                   ^^^^^^^^ method not found in `&[u8; 32]`
[INFO] [stdout] ...
[INFO] [stdout] 129 | array_impl!(u8, 32);
[INFO] [stdout]     | -------------------- in this macro invocation
[INFO] [stdout]     |
[INFO] [stdout]     = help: items from traits can only be used if the trait is in scope
[INFO] [stdout]     = note: this error originates in a macro (in Nightly builds, run with -Z macro-backtrace for more info)
[INFO] [stdout] help: the following trait is implemented but not in scope; perhaps add a `use` for it:
[INFO] [stdout]     |
[INFO] [stdout] 5   | use core::array::FixedSizeArray;
[INFO] [stdout]     |
[INFO] [stdout] 
[INFO] [stdout] 
[INFO] [stdout] error: aborting due to 36 previous errors
[INFO] [stdout] 
[INFO] [stdout] 
[INFO] [stdout] Some errors have detailed explanations: E0259, E0432, E0599.
[INFO] [stdout] 
[INFO] [stdout] For more information about an error, try `rustc --explain E0259`.
[INFO] [stdout] 
[INFO] [stderr] error: could not compile `phf_shared`.
[INFO] [stderr] 
[INFO] [stderr] To learn more, run the command again with --verbose.
[INFO] running `Command { std: "docker" "inspect" "8c74ecc4f8337ac5681683538d84004c04395dfc2a79fe168b9473c4b84e7fab", kill_on_drop: false }`
[INFO] running `Command { std: "docker" "rm" "-f" "8c74ecc4f8337ac5681683538d84004c04395dfc2a79fe168b9473c4b84e7fab", kill_on_drop: false }`
[INFO] [stdout] 8c74ecc4f8337ac5681683538d84004c04395dfc2a79fe168b9473c4b84e7fab
